 11*1*(6 + -5). Let v = p + g. Is v a composite number?
True
Let q be (-22)/(-10) - 3/15. Suppose -q*r + 12 + 8 = 0. Is 2/r + 44/5 a prime number?
False
Let v = 209 - -126. Is v composite?
True
Let t(f) = 1564*f**2 - 5*f + 1. Is t(2) composite?
False
Let q be 4/(-5)*1095/(-6). Suppose 4*g + 3*i + 40 = 171, 4*g - 2*i = q. Is g a prime number?
False
Suppose -q - p + 3*p = -396, -q = p - 399. Is q a prime number?
False
Suppose 5*t - 2 + 17 = 0, k = 3*t + 12. Let c = k + -3. Suppose c*x + 3*s = 2*x - 41, -x + 3*s = -22. Is x prime?
True
Let a(b) = -b**2 + 14*b + 6. Let g be a(14). Suppose -3*i + g*i = 6. Suppose 4*d - i*f = -139 + 479, 2*d = -4*f + 150. Is d a composite number?
False
Let z(b) = -3*b + 2*b + 0*b - 4 + 8*b**2. Is z(-3) prime?
True
Let w(d) = -d**3 + 3*d**2 - 4*d + 2. Let f be w(2). Is 52 + 1/(-2)*f composite?
False
Let x(u) = -7*u**3 - 4*u**2 - 4*u - 2. Let z(b) = -15*b**3 - 9*b**2 - 8*b - 4. Let d(i) = 5*x(i) - 2*z(i). Is d(-3) a prime number?
True
Suppose 0*n = -5*n + 455. Is n a composite number?
True
Let i(n) = -12*n - 1. Let g(b) = -23*b - 3. Let c(k) = -4*g(k) + 9*i(k). Is c(-13) composite?
False
Is 6/48 - (-1287)/8 composite?
True
Suppose -2*j = -1197 - 2641. Is j a prime number?
False
Let v(f) = 24*f - 8 + 15*f + 3 - 6*f. Is v(4) prime?
True
Suppose -5*y - 2*u = -2507, y + 2*u - 491 = -u. Is y composite?
False
Let h(r) = -22 + 20 + 9 - 8*r. Is h(-6) composite?
True
Let f(t) = 6*t**2 + 30*t**2 - 7*t**2 - t + 7*t**2. Is f(1) a composite number?
True
Let t be (-1)/(-4) + 22/8. Suppose j = t*j - 56. Let h = -13 + j. Is h composite?
True
Is 909 + 0 + (-8)/4 a prime number?
True
Let r = -23 - -26. Suppose -3*o = -5*m - 1106, r*m - 769 = -o - o. Is o a prime number?
False
Suppose 0 = -4*o - 2*m + 3344, 3540 - 1038 = 3*o + 3*m. Is o composite?
True
Let f = -57 - -168. Is f prime?
False
Let q(u) = -1 + u + u**2 + 2*u**2 + 1. Is q(-1) a composite number?
False
Let o(n) = -2*n - 2*n**2 - 6*n + 1 + 11*n**3 + 3*n + 4*n. Is o(2) a composite number?
False
Let l(k) = -2*k - 2*k + k**2 + 5 - 10. Let p(c) = -9*c**3 + c**2. Let m be p(1). Is l(m) prime?
False
Let x be (-5)/5*4/(-1). Suppose -9*p = -x*p - 1285. Is p prime?
True
Let f = 372 + -41. Is f a composite number?
False
Suppose 2*p + a = -p + 461, 2*a = -5*p + 767. Is p a prime number?
False
Let b(i) = i + 12. Let s = 8 + -17. Let n be b(s). Is (-1)/n*(0 + -21) a prime number?
True
Let k be 13*17*(0 + 1). Let f = k - -114. Is f prime?
False
Let w(j) = -79*j - 9. Let d be (-15)/4 + (-11)/44. Is w(d) composite?
False
Suppose -5*t - 3 = -13. Suppose -3*w = 12, -4*s = 3*w + t*w. Suppose s*r - 12 = 163. Is r prime?
False
Suppose -3*c = -4*z, c = -z - c - 11. Let f be 1/z + 219/9. Suppose -79 = -a - f. Is a a prime number?
False
Let a(r) = -r**2 + r - 2. Let s be a(2). Is s/(-10) - (-4212)/20 a prime number?
True
Let u be (-18)/21*21/(-3). Suppose -u*p + 3*p = -807. Is p prime?
True
Suppose u + 10*u = 18227. Is u a prime number?
True
Let z(h) = h**2 - 4*h + 3. Is z(-4) a prime number?
False
Let r(h) = -h**3 - 9*h - 5 + 54*h**2 - 38*h**2 + 2. Is r(14) composite?
False
Suppose -3*c + 41 + 352 = 0. Is c composite?
False
Let y(w) = -w + 3. Let f be y(0). Suppose -p = f - 30. Let k = 41 - p. Is k prime?
False
Is (-4)/14 - 3172/(-28) a composite number?
False
Suppose 576 + 616 = 8*w. Is w prime?
True
Let q(l) = -l + 11. Let j be 4/(-10) + 126/15. Let g be q(j). Suppose 0 = -g*x + 793 - 76. Is x a prime number?
True
Suppose -52 = -4*d - 3*w - 0*w, 5*d + 4*w - 65 = 0. Is d prime?
True
Suppose m = -0*m + 6332. Let a be 4/(-14) - m/(-14). Suppose 0 = 2*z + 2*z - a. Is z composite?
False
Is -2 + -1 + (26 - -8) composite?
False
Let f = 69 - 48. Suppose -4*u + 4*j + f = -223, 5*j = -5*u + 345. Is u composite?
True
Let t(r) = r**3 - 5*r**2 - 4*r - 11. Is t(7) a prime number?
True
Suppose 1 + 0 = -t, 4*u - 1871 = -5*t. Is u prime?
False
Let h = -4 - -3. Let y(m) = 84*m**2 + 5*m + 4. Let u(n) = 85*n**2 + 6*n + 5. Let s(r) = -4*u(r) + 5*y(r). Is s(h) a prime number?
True
Suppose -2*p + 76 = 3*t - 21, p = -5*t + 171. Is t a prime number?
False
Let b(h) = 7*h - 6. Let g be b(6). Suppose -5*s + g - 1 = 0. Is s a composite number?
False
Is -11 + 8 - (-592 - 0) composite?
True
Suppose 0 = -3*f + 3*w - 0*w + 711, 4*w - 257 = -f. Let g be (16/6)/(4/138). Let y = f - g. Is y composite?
False
Suppose 0 = 4*m + m - 135. Is m/2 - 2/(-4) composite?
True
Let o(x) = -9*x**3 - 2*x**2 + 1. Suppose 0*t + 4*t + 8 = 0. Let i be o(t). Let w = i - -17. Is w a composite number?
True
Suppose k + 1173 = -4*f, f - 2*k + 447 = 147. Let h = f + 527. Is h a composite number?
False
Let r be (-2)/(-10) + (-27)/(-15). Suppose -r*n = -123 + 29. Let o = -28 + n. Is o prime?
True
Let v(y) = 37 - 9*y + 9*y + y. Let m(f) = f**2 - 2*f - 3. Let g be m(3). Is v(g) composite?
False
Suppose 4*z + 2 = t + 2*z, 0 = 4*t - z + 6. Is t/(-3) - 128/(-6) composite?
True
Let h(p) = -p**3 - 2*p**2 + 5*p + 17. Is h(-12) a prime number?
False
Suppose 3*l = -l + 308. Is l a composite number?
True
Let r(z) = -3*z + 7*z + 3*z + 5 - 2*z. Is r(4) a prime number?
False
Suppose -4*g - a - 138 = 0, -g + 4*a - 148 = 3*g. Let u = -13 - g. Is u composite?
True
Let r(h) = -h**2 - 18*h + 26. Is r(-16) composite?
True
Let r be 3 + -3 - 337 - 1. Let l = 749 + r. Is l prime?
False
Suppose 4*u - 851 = -0*l - 3*l, 0 = -u - 2*l + 209. Is u composite?
True
Let y(v) = v**2 + 6*v + 1. Let w be y(-5). Is 1778/(-21)*6/w prime?
True
Let l(a) be the third derivative of -1/24*a**4 + 0*a + 5/6*a**3 + 2*a**2 + 0. Is l(-6) a composite number?
False
Let p = -11 + 11. Suppose 5*c + 605 = 3*b + 4047, 4*c - 2*b - 2754 = p. Suppose 2*n - 266 = 4*d, -d = 5*n - 5*d - c. Is n a prime number?
False
Suppose 0 = -b + 3 - 0. Suppose 4*d + 2*q - 92 = 0, -b*q = -1 - 11. Is d a prime number?
False
Let w = 85 - 48. Let g = w - 23. Is g a prime number?
False
Suppose 2*q + 0*q - t - 271 = 0, t = 5*q - 679. Let y = q + -303. Let d = -114 - y. Is d a prime number?
True
Let j(x) = x**2 - 1. Let a be j(1). Suppose a = -m - 0*m + 7. Is m a composite number?
False
Let c(k) = k**3 - 5*k**2 + 4*k + 5. Let l be c(4). Let u = l - -32. Let y = u + -26. Is y a composite number?
False
Suppose -h + 548 = -0*k + 5*k, -2*k - 10 = 0. Is h prime?
False
Suppose 0 = c - 5*c + 8. Let k = 3 + c. Suppose 3*n - 50 = -4*u, -8*n + 66 = -4*n + k*u. Is n prime?
False
Suppose 3*k - 5*k = -474. Is k composite?
True
Suppose 0 = -3*s + 12, 0 = -q + s + 4409. Is q a prime number?
False
Let c = 310 + -165. Is c a prime number?
False
Let j = -6 + -3. Let o(n) = 6*n**2 + 12*n + 3. Is o(j) a prime number?
False
Suppose 2*j = -j + 5*o - 16, -j + o - 4 = 0. Is (2/4)/(j/(-284)) a composite number?
False
Suppose -2350 = -l + 1309. Is l a prime number?
True
Suppose 4*a - 200 = 16. Is a + 3/(4 - 1) a prime number?
False
Suppose -y + 5*y + 3*x = 301, -5*y + 405 = -2*x. Is y composite?
False
Suppose 3*g - 12 = -0. Suppose -2*n - 14 = -h + 4*h, -n = g. Let t(i) = 3*i**2 + 4*i + 3. Is t(h) composite?
False
Let l(m) = m**3 - 7*m**2 + 7*m - 2. Let j be l(6). Suppose 593 = 5*w - 2*o, -2*o + 117 = w - j*o. Is w a composite number?
True
Let s(c) = c**2 - 6. Suppose 3*h = l + 4, 0*l = l + 3*h - 14. Is s(l) a prime number?
True
Let f be (1*374 - 2) + -1. Suppose -m - f = -4*z, -5*m + 4*m = 3*z - 280. Is 0 + z/3 + 0 a prime number?
True
Let z(a) = -4*a**2 - a + 1. Let o be z(1). Is (87/o)/((-3)/12) a prime number?
False
Let v(j) = -j**2 - 2*j. Let m(p) = p - 1. Let l(y) = -3*m(y) - v(y). Is l(4) a composite number?
True
Let k(j) = j**3 + 2*j**2 + 5*j + 2. Is k(4) a composite number?
True
Let z(g) = 8 - 1 + 2*g**2 + 0*g + 0 - 8*g. Suppose -5*h + 0*h - 4*n = -27, -5*n - 10 = 0. Is z(h) a composite number?
True
Let f be 1/4 + (-46)/(-8). Is 230/f + (-1)/3 prime?
False
Suppose 3*q + 2*i = -72, -2*q = -5*q + 3*i - 57. Let w be (-4)/q - 106/(-22). Suppose w*t - 3*z = 404, -t + z + 61 + 21 = 0. Is t prime?
True
Suppose -42 = -r + 39. Suppose 2*d + d + r = 0. Let m = 94 - d. Is m a prime number?
False
Let r(l) = l + 1 + 4*l**2 + 5*l**3 - 4*l**3 - 5*l**2 + 24. Is r(0) prime?
False
Let m be ((-70)/(-4))/((-2)/(-4)). Let t = 50 - m. Let s = 38 - t. Is s a composite number?
False
Let h = 326 + -211. Is h a composite number?
True
Let x(p) = p**3 - 3*p**2 - 5*p - 2. Let h